{"id":45,"date":"2025-06-20T12:47:00","date_gmt":"2025-06-20T12:47:00","guid":{"rendered":"https:\/\/floravendeghaz.hu\/wordpress\/?page_id=45"},"modified":"2025-06-24T13:11:02","modified_gmt":"2025-06-24T13:11:02","slug":"programajanlo","status":"publish","type":"page","link":"https:\/\/floravendeghaz.hu\/index.php\/programajanlo\/","title":{"rendered":"Programaj\u00e1nl\u00f3"},"content":{"rendered":"\n<ul start=\"2025\" class=\"wp-block-list\">\n<li>janu\u00e1r havi esem\u00e9nyek, programok<br>Id\u0151pont:<br>2025 01. 20., h\u00e9tf\u0151Rendezv\u00e9nynapt\u00e1rElk\u00e9sz\u00fclt Tam\u00e1si v\u00e1ros 2025-\u00f6s rendezv\u00e9nynapt\u00e1ra<\/li>\n\n\n\n<li>febru\u00e1r havi esem\u00e9nyek, programok<br>Id\u0151pont:<br>2025 02. 15., szombatZene n\u00e9lk\u00fcl mit \u00e9rek \u00e9n\u2026 Cserh\u00e1ti Zsuzsa \u00e9s M\u00e1t\u00e9 P\u00e9ter eml\u00e9kkoncertSok szeretettel v\u00e1rjuk l\u00e1togat\u00f3inkat a Zene n\u00e9lk\u00fcl mit \u00e9rek \u00e9n\u2026Cserh\u00e1ti Zsuzsa \u00e9s M\u00e1t\u00e9 P\u00e9ter eml\u00e9kkoncertre<br>Id\u0151pont:<br>2025 02. 23., vas\u00e1rnapJ\u00f6v\u0151re veled, ugyanittSok szeretettel v\u00e1rjuk l\u00e1togat\u00f3inkat a J\u00f6v\u0151re veled, ugyanitt c\u00edm\u0171 el\u0151ad\u00e1sra!<br>Id\u0151pont:<br>2025 02. 25., keddV\u00e1rosi megeml\u00e9kez\u00e9s a kommunizmus \u00e1ldozatainak eml\u00e9knapj\u00e1nTisztelettel megh\u00edvjuk \u00d6nt a kommunizmus \u00e1ldozatainak eml\u00e9knapja alkalm\u00e1b\u00f3l tartand\u00f3 v\u00e1rosi megeml\u00e9kez\u00e9sre!<br>Id\u0151pont:<br>2025 03. 02., vas\u00e1rnapMazsola \u00e9s T\u00e1d\u00e9 zen\u00e9s b\u00e1bj\u00e1t\u00e9kSok szeretettel v\u00e1rjuk l\u00e1togat\u00f3inkat a Mazsola \u00e9s T\u00e1d\u00e9 zen\u00e9s b\u00e1bj\u00e1t\u00e9kra!<\/li>\n\n\n\n<li>m\u00e1rcius havi esem\u00e9nyek, programok<br>Id\u0151pont:<br>2025 03. 02., vas\u00e1rnapMazsola \u00e9s T\u00e1d\u00e9 zen\u00e9s b\u00e1bj\u00e1t\u00e9kSok szeretettel v\u00e1rjuk l\u00e1togat\u00f3inkat a Mazsola \u00e9s T\u00e1d\u00e9 zen\u00e9s b\u00e1bj\u00e1t\u00e9kra!<br>Id\u0151pont:<br>2025 03. 08., szombatN\u0151napi Asszonyb\u00e1lSzeretettel v\u00e1rjuk a sz\u00f3rakozni v\u00e1gy\u00f3 l\u00e1nyokat, asszonyokat a N\u0151napi Asszonyb\u00e1lra m\u00e1rcius 8-\u00e1n.<br>Id\u0151pont:<br>2025 03. 15., szombatM\u00e1rcius 15. &#8211; \u00dcnnepi megeml\u00e9kez\u00e9sTisztelettel megh\u00edvjuk \u00d6nt a M\u00e1rcius 15-i v\u00e1rosi megeml\u00e9kez\u00e9sre<br>Id\u0151pont:<br>2025 03. 21., p\u00e9ntekA Cs\u00f3kkir\u00e1lySok szeretettel v\u00e1rjuk l\u00e1togat\u00f3inkat A Cs\u00f3kkir\u00e1ly Kamar\u00e1s Iv\u00e1n koncertj\u00e9re !<br>Id\u0151pont:<br>2025 03. 23., vas\u00e1rnapAnconai szerelmesekSok szeretettel v\u00e1rjuk l\u00e1togat\u00f3inkat az Anconai szerelmesek c\u00edm\u0171 el\u0151ad\u00e1sra!<br>Id\u0151pont:<br>2025 03. 28., p\u00e9ntekTam\u00e1si J\u00e1r\u00e1si BorversenyV\u00e1rjuk a borosgazd\u00e1k nevez\u00e9s\u00e9t az idei Tam\u00e1si J\u00e1r\u00e1si Borversenyre<\/li>\n\n\n\n<li>\u00e1prilis havi esem\u00e9nyek, programok<br>Id\u0151pont:<br>2025 04. 26., szombatGyalogt\u00fara &#8211; ZircGyalogt\u00fara &#8211; Zirc<br>Id\u0151pont:<br>2025 04. 30., szerdaNem \u00e9lhetek muzsikasz\u00f3 n\u00e9lk\u00fclSzeretettel v\u00e1rjuk a kedves k\u00f6z\u00f6ns\u00e9get M\u00f3ricz Zsigmond &#8211; Nem \u00e9lhetek muzsikasz\u00f3 n\u00e9lk\u00fcl c\u00edm\u0171 v\u00edgj\u00e1t\u00e9k\u00e1nak el\u0151ad\u00e1s\u00e1ra, amely a D\u00e9ryn\u00e9 Program j\u00f3volt\u00e1b\u00f3l ker\u00fcl Int\u00e9zm\u00e9ny\u00fcnk sz\u00ednpad\u00e1ra<\/li>\n\n\n\n<li>m\u00e1jus havi esem\u00e9nyek, programok<br>Id\u0151pont:<br>2025 05. 17., szombatTavaszi Borrandev\u00faSzeretettel v\u00e1rjuk \u00d6n\u00f6ket a Tavaszi Borrandev\u00fara, a T\u00farmezei Erzs\u00e9bet Rendezv\u00e9nyt\u00e9rre.<br>Id\u0151pont:<br>2025 05. 23., p\u00e9ntekH\u0151s\u00f6k napi megeml\u00e9kez\u00e9sTisztelettel megh\u00edvjuk a v\u00e1ros lakoss\u00e1g\u00e1t H\u0151s\u00f6k napi megeml\u00e9kez\u00e9s\u00fcnkre!<br>Id\u0151pont:<br>2025 05. 25., vas\u00e1rnapV\u00e1rosi GyermeknapSzeretettel v\u00e1runk kicsiket \u00e9s nagyokat, gyermekeket \u00e9s feln\u0151tteket a V\u00e1rosi Gyermeknapra, a T\u00farmezei Erzs\u00e9bet Rendezv\u00e9nyt\u00e9rre.<\/li>\n\n\n\n<li>j\u00fanius havi esem\u00e9nyek, programok<br>Id\u0151pont:<br>2025 06. 04., szerdaNemzeti \u00d6sszetartoz\u00e1s NapjaTisztelettel megh\u00edvjuk \u00d6n\u00f6ket a Nemzeti \u00d6sszetartoz\u00e1s Napj\u00e1n v\u00e1rosi megeml\u00e9kez\u00e9s\u00fcnkre!<br>Id\u0151pont:<br>2025 06. 28., szombatTolna V\u00e1rmegyei Vad\u00e1sznap \u00e9s Tr\u00f3fea Vadgasztron\u00f3miai Fesztiv\u00e1l F\u0151z\u0151verseny felh\u00edv\u00e1sTolna V\u00e1rmegyei Vad\u00e1sznap \u00e9s Tr\u00f3fea Vadgasztron\u00f3miai Fesztiv\u00e1l F\u0151z\u0151verseny felh\u00edv\u00e1s<br>Id\u0151pont:<br>2025 06. 28., szombatTolna V\u00e1rmegyei Vad\u00e1sznap \u00e9s Tr\u00f3fea Vadgasztron\u00f3miai Fesztiv\u00e1lTolna V\u00e1rmegyei Vad\u00e1sznap \u00e9s Tr\u00f3fea Vadgasztron\u00f3miai Fesztiv\u00e1l<\/li>\n<\/ul>\n","protected":false},"excerpt":{"rendered":"","protected":false},"author":1,"featured_media":0,"parent":0,"menu_order":0,"comment_status":"closed","ping_status":"closed","template":"","meta":{"_seopress_robots_primary_cat":"","_seopress_titles_title":"","_seopress_titles_desc":"","_seopress_robots_index":"","footnotes":""},"class_list":["post-45","page","type-page","status-publish","hentry"],"_links":{"self":[{"href":"https:\/\/floravendeghaz.hu\/index.php\/wp-json\/wp\/v2\/pages\/45","targetHints":{"allow":["GET"]}}],"collection":[{"href":"https:\/\/floravendeghaz.hu\/index.php\/wp-json\/wp\/v2\/pages"}],"about":[{"href":"https:\/\/floravendeghaz.hu\/index.php\/wp-json\/wp\/v2\/types\/page"}],"author":[{"embeddable":true,"href":"https:\/\/floravendeghaz.hu\/index.php\/wp-json\/wp\/v2\/users\/1"}],"replies":[{"embeddable":true,"href":"https:\/\/floravendeghaz.hu\/index.php\/wp-json\/wp\/v2\/comments?post=45"}],"version-history":[{"count":4,"href":"https:\/\/floravendeghaz.hu\/index.php\/wp-json\/wp\/v2\/pages\/45\/revisions"}],"predecessor-version":[{"id":161,"href":"https:\/\/floravendeghaz.hu\/index.php\/wp-json\/wp\/v2\/pages\/45\/revisions\/161"}],"wp:attachment":[{"href":"https:\/\/floravendeghaz.hu\/index.php\/wp-json\/wp\/v2\/media?parent=45"}],"curies":[{"name":"wp","href":"https:\/\/api.w.org\/{rel}","templated":true}]}}

Programajánló

<ul start="2025" class="wp-block-list">
<li>január havi események, programok<br>Időpont:<br>2025 01. 20., hétfőRendezvénynaptárElkészült Tamási város 2025-ös rendezvénynaptára</li>



<li>február havi események, programok<br>Időpont:<br>2025 02. 15., szombatZene nélkül mit érek én… Cserháti Zsuzsa és Máté Péter emlékkoncertSok szeretettel várjuk látogatóinkat a Zene nélkül mit érek én…Cserháti Zsuzsa és Máté Péter emlékkoncertre<br>Időpont:<br>2025 02. 23., vasárnapJövőre veled, ugyanittSok szeretettel várjuk látogatóinkat a Jövőre veled, ugyanitt című előadásra!<br>Időpont:<br>2025 02. 25., keddVárosi megemlékezés a kommunizmus áldozatainak emléknapjánTisztelettel meghívjuk Önt a kommunizmus áldozatainak emléknapja alkalmából tartandó városi megemlékezésre!<br>Időpont:<br>2025 03. 02., vasárnapMazsola és Tádé zenés bábjátékSok szeretettel várjuk látogatóinkat a Mazsola és Tádé zenés bábjátékra!</li>



<li>március havi események, programok<br>Időpont:<br>2025 03. 02., vasárnapMazsola és Tádé zenés bábjátékSok szeretettel várjuk látogatóinkat a Mazsola és Tádé zenés bábjátékra!<br>Időpont:<br>2025 03. 08., szombatNőnapi AsszonybálSzeretettel várjuk a szórakozni vágyó lányokat, asszonyokat a Nőnapi Asszonybálra március 8-án.<br>Időpont:<br>2025 03. 15., szombatMárcius 15. &#8211; Ünnepi megemlékezésTisztelettel meghívjuk Önt a Március 15-i városi megemlékezésre<br>Időpont:<br>2025 03. 21., péntekA CsókkirálySok szeretettel várjuk látogatóinkat A Csókkirály Kamarás Iván koncertjére !<br>Időpont:<br>2025 03. 23., vasárnapAnconai szerelmesekSok szeretettel várjuk látogatóinkat az Anconai szerelmesek című előadásra!<br>Időpont:<br>2025 03. 28., péntekTamási Járási BorversenyVárjuk a borosgazdák nevezését az idei Tamási Járási Borversenyre</li>



<li>április havi események, programok<br>Időpont:<br>2025 04. 26., szombatGyalogtúra &#8211; ZircGyalogtúra &#8211; Zirc<br>Időpont:<br>2025 04. 30., szerdaNem élhetek muzsikaszó nélkülSzeretettel várjuk a kedves közönséget Móricz Zsigmond &#8211; Nem élhetek muzsikaszó nélkül című vígjátékának előadására, amely a Déryné Program jóvoltából kerül Intézményünk színpadára</li>



<li>május havi események, programok<br>Időpont:<br>2025 05. 17., szombatTavaszi BorrandevúSzeretettel várjuk Önöket a Tavaszi Borrandevúra, a Túrmezei Erzsébet Rendezvénytérre.<br>Időpont:<br>2025 05. 23., péntekHősök napi megemlékezésTisztelettel meghívjuk a város lakosságát Hősök napi megemlékezésünkre!<br>Időpont:<br>2025 05. 25., vasárnapVárosi GyermeknapSzeretettel várunk kicsiket és nagyokat, gyermekeket és felnőtteket a Városi Gyermeknapra, a Túrmezei Erzsébet Rendezvénytérre.</li>



<li>június havi események, programok<br>Időpont:<br>2025 06. 04., szerdaNemzeti Összetartozás NapjaTisztelettel meghívjuk Önöket a Nemzeti Összetartozás Napján városi megemlékezésünkre!<br>Időpont:<br>2025 06. 28., szombatTolna Vármegyei Vadásznap és Trófea Vadgasztronómiai Fesztivál Főzőverseny felhívásTolna Vármegyei Vadásznap és Trófea Vadgasztronómiai Fesztivál Főzőverseny felhívás<br>Időpont:<br>2025 06. 28., szombatTolna Vármegyei Vadásznap és Trófea Vadgasztronómiai FesztiválTolna Vármegyei Vadásznap és Trófea Vadgasztronómiai Fesztivál</li>
</ul>
