{"id":47,"date":"2025-06-20T12:48:48","date_gmt":"2025-06-20T12:48:48","guid":{"rendered":"https:\/\/floravendeghaz.hu\/wordpress\/?page_id=47"},"modified":"2025-06-24T11:23:35","modified_gmt":"2025-06-24T11:23:35","slug":"szolgaltatasok","status":"publish","type":"page","link":"https:\/\/floravendeghaz.hu\/index.php\/szolgaltatasok\/","title":{"rendered":"Szolg\u00e1ltat\u00e1sok"},"content":{"rendered":"\n<div class=\"wp-block-columns is-layout-flex wp-container-core-columns-is-layout-28f84493 wp-block-columns-is-layout-flex\">\n<div class=\"wp-block-column is-layout-flow wp-block-column-is-layout-flow\" style=\"padding-top:var(--wp--preset--spacing--40);padding-bottom:var(--wp--preset--spacing--40);flex-basis:66.66%\">\n<p class=\"has-normal-font-size\">F\u0171t\u00f6tt medence pancsol\u00f3val:<br>2023. m\u00e1jus 1-t\u0151l egy 8m x 4m-es f\u0171t\u00f6tt medenc\u00e9vel b\u0151v\u00edtett\u00fck szolg\u00e1ltat\u00e1sainkat!<\/p>\n\n\n\n<p class=\"has-normal-font-size\">A&nbsp;medence \u00e1lland\u00f3 v\u00edzh\u0151m\u00e9rs\u00e9klete 29-30 C\u00b0, v\u00edzm\u00e9lys\u00e9ge 140 cm. A legkisebbekre is gondolva ,a medence pancsol\u00f3 r\u00e9sz\u00e9n a v\u00edzm\u00e9lys\u00e9g 15 cm.<\/p>\n<\/div>\n\n\n\n<div class=\"wp-block-column is-layout-flow wp-block-column-is-layout-flow\" style=\"flex-basis:33.33%\">\n<figure class=\"wp-block-image size-large\"><img decoding=\"async\" src=\"https:\/\/floravendeghaz.hu\/wp-content\/uploads\/2025\/06\/20220815_203325-768x1024.jpg\" alt=\"\"\/><\/figure>\n<\/div>\n<\/div>\n\n\n\n<div class=\"wp-block-columns is-layout-flex wp-container-core-columns-is-layout-7abde1fe wp-block-columns-is-layout-flex\" style=\"padding-top:var(--wp--preset--spacing--40);padding-bottom:var(--wp--preset--spacing--40)\">\n<div class=\"wp-block-column is-layout-flow wp-block-column-is-layout-flow\" style=\"flex-basis:66.66%\">\n<p class=\"has-normal-font-size\">A f\u00fcrd\u0151z\u00e9st k\u00f6vet\u0151en a parton nap\u00e1gyaink seg\u00edtenek el\u00e9rni a k\u00edv\u00e1nt barnas\u00e1got. Medenc\u00e9nkhez nem tartozik \u00fasz\u00f3mesteri fel\u00fcgyelet, \u00edgy azt mindenki kiz\u00e1r\u00f3lag saj\u00e1t felel\u0151ss\u00e9gre haszn\u00e1lhatja. Medenc\u00e9be l\u00e9p\u00e9s el\u0151tt a tusol\u00f3 \u00e9s a l\u00e1bmos\u00f3 haszn\u00e1lata k\u00f6telez\u0151! Ez a szolg\u00e1ltat\u00e1sunk id\u0151szakosan, f\u0151k\u00e9nt a k\u00e9s\u0151 tavaszi \u2013 ny\u00e1ri, kora \u0151szi id\u0151szakban, id\u0151j\u00e1r\u00e1s f\u00fcggv\u00e9ny\u00e9ben ingyenesen haszn\u00e1lhat\u00f3.<\/p>\n<\/div>\n\n\n\n<div class=\"wp-block-column is-layout-flow wp-block-column-is-layout-flow\" style=\"flex-basis:33.33%\">\n<figure class=\"wp-block-image size-large\"><img decoding=\"async\" src=\"https:\/\/floravendeghaz.hu\/wp-content\/uploads\/2025\/06\/napagy-1024x768.jpg\" alt=\"\"\/><\/figure>\n<\/div>\n<\/div>\n\n\n\n<div class=\"wp-block-columns is-layout-flex wp-container-core-columns-is-layout-56050deb wp-block-columns-is-layout-flex\" style=\"margin-top:0;margin-bottom:0;padding-top:var(--wp--preset--spacing--40);padding-bottom:var(--wp--preset--spacing--40)\">\n<div class=\"wp-block-column is-layout-flow wp-block-column-is-layout-flow\" style=\"flex-basis:66.66%\">\n<p class=\"has-normal-font-size\">Pihentet\u0151 jakuzzi minden \u00e9vszakban:<\/p>\n\n\n\n<p class=\"has-normal-font-size\">5 szem\u00e9lyes, t\u00e9len-ny\u00e1ron f\u0171t\u00f6tt jakuzzival v\u00e1rjuk kedves pihenni \u00e9s kikapcsol\u00f3dni v\u00e1gy\u00f3 vend\u00e9geinket&nbsp;2023. j\u00faliust\u00f3l. A felh\u0151tlen kikapcsol\u00f3d\u00e1st a csendes, nyugodt k\u00f6rnyezet teszi m\u00e9g felh\u0151tlenebb\u00e9.<\/p>\n<\/div>\n\n\n\n<div class=\"wp-block-column is-layout-flow wp-block-column-is-layout-flow\" style=\"flex-basis:33.33%\">\n<figure class=\"wp-block-image size-large\"><img decoding=\"async\" src=\"https:\/\/floravendeghaz.hu\/wp-content\/uploads\/2025\/06\/jakuzzi-1024x768.jpg\" alt=\"\"\/><\/figure>\n<\/div>\n<\/div>\n","protected":false},"excerpt":{"rendered":"<p>F\u0171t\u00f6tt medence pancsol\u00f3val:2023. m\u00e1jus 1-t\u0151l egy 8m x 4m-es f\u0171t\u00f6tt medenc\u00e9vel b\u0151v\u00edtett\u00fck szolg\u00e1ltat\u00e1sainkat! A&nbsp;medence \u00e1lland\u00f3 v\u00edzh\u0151m\u00e9rs\u00e9klete 29-30 C\u00b0, v\u00edzm\u00e9lys\u00e9ge 140 cm. A legkisebbekre is gondolva ,a medence pancsol\u00f3 r\u00e9sz\u00e9n a v\u00edzm\u00e9lys\u00e9g 15 cm. A f\u00fcrd\u0151z\u00e9st k\u00f6vet\u0151en a parton nap\u00e1gyaink seg\u00edtenek el\u00e9rni a k\u00edv\u00e1nt barnas\u00e1got. Medenc\u00e9nkhez nem tartozik \u00fasz\u00f3mesteri fel\u00fcgyelet, \u00edgy azt mindenki kiz\u00e1r\u00f3lag saj\u00e1t felel\u0151ss\u00e9gre [&hellip;]<\/p>\n","protected":false},"author":1,"featured_media":0,"parent":0,"menu_order":0,"comment_status":"closed","ping_status":"closed","template":"","meta":{"_seopress_robots_primary_cat":"","_seopress_titles_title":"","_seopress_titles_desc":"","_seopress_robots_index":"","footnotes":""},"class_list":["post-47","page","type-page","status-publish","hentry"],"_links":{"self":[{"href":"https:\/\/floravendeghaz.hu\/index.php\/wp-json\/wp\/v2\/pages\/47","targetHints":{"allow":["GET"]}}],"collection":[{"href":"https:\/\/floravendeghaz.hu\/index.php\/wp-json\/wp\/v2\/pages"}],"about":[{"href":"https:\/\/floravendeghaz.hu\/index.php\/wp-json\/wp\/v2\/types\/page"}],"author":[{"embeddable":true,"href":"https:\/\/floravendeghaz.hu\/index.php\/wp-json\/wp\/v2\/users\/1"}],"replies":[{"embeddable":true,"href":"https:\/\/floravendeghaz.hu\/index.php\/wp-json\/wp\/v2\/comments?post=47"}],"version-history":[{"count":6,"href":"https:\/\/floravendeghaz.hu\/index.php\/wp-json\/wp\/v2\/pages\/47\/revisions"}],"predecessor-version":[{"id":136,"href":"https:\/\/floravendeghaz.hu\/index.php\/wp-json\/wp\/v2\/pages\/47\/revisions\/136"}],"wp:attachment":[{"href":"https:\/\/floravendeghaz.hu\/index.php\/wp-json\/wp\/v2\/media?parent=47"}],"curies":[{"name":"wp","href":"https:\/\/api.w.org\/{rel}","templated":true}]}}

Szolgáltatások

<div class="wp-block-columns is-layout-flex wp-container-core-columns-is-layout-28f84493 wp-block-columns-is-layout-flex">
<div class="wp-block-column is-layout-flow wp-block-column-is-layout-flow" style="padding-top:var(--wp--preset--spacing--40);padding-bottom:var(--wp--preset--spacing--40);flex-basis:66.66%">
<p class="has-normal-font-size">Fűtött medence pancsolóval:<br>2023. május 1-től egy 8m x 4m-es fűtött medencével bővítettük szolgáltatásainkat!</p>



<p class="has-normal-font-size">A&nbsp;medence állandó vízhőmérséklete 29-30 C°, vízmélysége 140 cm. A legkisebbekre is gondolva ,a medence pancsoló részén a vízmélység 15 cm.</p>
</div>



<div class="wp-block-column is-layout-flow wp-block-column-is-layout-flow" style="flex-basis:33.33%">
<figure class="wp-block-image size-large"><img decoding="async" src="https://floravendeghaz.hu/wp-content/uploads/2025/06/20220815_203325-768x1024.jpg" alt=""/></figure>
</div>
</div>



<div class="wp-block-columns is-layout-flex wp-container-core-columns-is-layout-7abde1fe wp-block-columns-is-layout-flex" style="padding-top:var(--wp--preset--spacing--40);padding-bottom:var(--wp--preset--spacing--40)">
<div class="wp-block-column is-layout-flow wp-block-column-is-layout-flow" style="flex-basis:66.66%">
<p class="has-normal-font-size">A fürdőzést követően a parton napágyaink segítenek elérni a kívánt barnaságot. Medencénkhez nem tartozik úszómesteri felügyelet, így azt mindenki kizárólag saját felelősségre használhatja. Medencébe lépés előtt a tusoló és a lábmosó használata kötelező! Ez a szolgáltatásunk időszakosan, főként a késő tavaszi – nyári, kora őszi időszakban, időjárás függvényében ingyenesen használható.</p>
</div>



<div class="wp-block-column is-layout-flow wp-block-column-is-layout-flow" style="flex-basis:33.33%">
<figure class="wp-block-image size-large"><img decoding="async" src="https://floravendeghaz.hu/wp-content/uploads/2025/06/napagy-1024x768.jpg" alt=""/></figure>
</div>
</div>



<div class="wp-block-columns is-layout-flex wp-container-core-columns-is-layout-56050deb wp-block-columns-is-layout-flex" style="margin-top:0;margin-bottom:0;padding-top:var(--wp--preset--spacing--40);padding-bottom:var(--wp--preset--spacing--40)">
<div class="wp-block-column is-layout-flow wp-block-column-is-layout-flow" style="flex-basis:66.66%">
<p class="has-normal-font-size">Pihentető jakuzzi minden évszakban:</p>



<p class="has-normal-font-size">5 személyes, télen-nyáron fűtött jakuzzival várjuk kedves pihenni és kikapcsolódni vágyó vendégeinket&nbsp;2023. júliustól. A felhőtlen kikapcsolódást a csendes, nyugodt környezet teszi még felhőtlenebbé.</p>
</div>



<div class="wp-block-column is-layout-flow wp-block-column-is-layout-flow" style="flex-basis:33.33%">
<figure class="wp-block-image size-large"><img decoding="async" src="https://floravendeghaz.hu/wp-content/uploads/2025/06/jakuzzi-1024x768.jpg" alt=""/></figure>
</div>
</div>

<p>Fűtött medence pancsolóval:2023. május 1-től egy 8m x 4m-es fűtött medencével bővítettük szolgáltatásainkat! A&nbsp;medence állandó vízhőmérséklete 29-30 C°, vízmélysége 140 cm. A legkisebbekre is gondolva ,a medence pancsoló részén a vízmélység 15 cm. A fürdőzést követően a parton napágyaink segítenek elérni a kívánt barnaságot. Medencénkhez nem tartozik úszómesteri felügyelet, így azt mindenki kizárólag saját felelősségre [&hellip;]</p>
